remainder when 4 is divided by v(q)?
1
Let m(h) = -h**3 + 6*h**2 - 2*h + 3. Calculate the remainder when 107 is divided by m(5).
17
Suppose 15 + 21 = 2*t. Suppose -5*d + 4*n = -353, n + 101 = d + 30. Calculate the remainder when d is divided by t.
15
Suppose -y + 18 = -2*b, -3*y - 3*b + b = -46. What is the remainder when 93 is divided by y?
13
Calculate the remainder when 1/(4/16)*7 is divided by 15.
13
Let h be ((-8)/(-10))/((-12)/30). Calculate the remainder when h/11 + (-290)/(-22) is divided by 8.
5
Let a = -8 + 7. What is the remainder when -1 + 3 + 16 - a is divided by 11?
8
Let g(v) = v**3 + 4*v - 10. What is the remainder when 114 is divided by g(3)?
27
Suppose 0 = -4*l - 5*n + 23, l = -0*n + 4*n + 11. Calculate the remainder when l is divided by 4.
3
Let l be -15*(-1)/(-3)*-1. Suppose -2*f - 8 - 3 = -l*o, 2*f - 2*o - 4 = 0. What is the remainder when f is divided by 2?
1
Let y = 11 + -19. Let m = 7 - y. Suppose 2*p = 5*o + 106, 2*p - 67 = 2*o + 27. Calculate the remainder when p is divided by m.
13
Suppose k - 98 + 22 = 0. Suppose k = -2*l + 6*l. Calculate the remainder when 56 is divided by l.
18
Suppose 0*x + 2*x = 92. Suppose 0 = -3*k - 5*j + x, -4*k - 15 = -9*k + 4*j. Calculate the remainder when 27 is divided by k.
6
Suppose -6 = 7*w - 8*w. What is the remainder when 16 is divided by w?
4
Suppose 0 = -0*j - j + 2*h + 2, 2*j - 2*h = 4. Suppose 42 = 5*w - j*w. Suppose 3*u = -f - f + 82, 34 = u + 4*f. Calculate the remainder when u is divided by w.
12
Let c(g) = 9*g - 12. Let h be c(5). Suppose 3*f = 2*p + 29, -h + 83 = 5*f - 3*p. What is the remainder when 63 is divided by f?
11
Suppose -5*r - x - 128 = -r, -4*r + 4*x - 148 = 0. Let v = r + 66. What is the remainder when v is divided by 18?
15
Suppose -4*h + 49 + 3 = 0. Suppose 200 = 4*i + a, 10*a + 200 = 4*i + 7*a. Calculate the remainder when i is divided by h.
11
Suppose 3*q + 2*n = 67, -4*n - 70 = -4*q - 14. What is the remainder when 73 is divided by q?
16
Suppose -q + 5*q = 24. Let s be -1*2*q/(-3). Suppose 0*h - 2*h - s = 0, -4*w - 4*h + 24 = 0. Calculate the remainder when 15 is divided by w.
7
Let f be (-2)/4*30/(-5). Suppose f*j = -0*j + 39. Calculate the remainder when 49 + (-1 - (0 - 1)) is divided by j.
10
Let l = 33 + -24. Let y(f) = f**3 + 8*f**2 + 7*f - 6. Calculate the remainder when y(-6) is divided by l.
6
Let w(u) = -u**2 + 8*u + 2. Let y be w(8). Suppose -y*k - 5 = 5*f - 31, 4 = -2*f + 4*k. Suppose -3*r = -f*r + 37. What is the remainder when r is divided by 13?
11
Let o(y) = -y**2 + y + 58. Let r be o(0). Suppose 2*n + k - 24 = 0, 4*n - r = -n - 2*k. Suppose 3*p = 7*p - 76. Calculate the remainder when p is divided by n.
9
Let m be 2*(2 - (-3)/(-3)). Suppose -4 = -4*b + m*o + 22, 2*o - 6 = -4*b. What is the remainder when 14 is divided by b?
2
Suppose 28 = -4*j - n, 0 = -5*j - 0*j + 2*n - 35. Let f(g) = g**2 + 4*g - 10. What is the remainder when 22 + (4 - 2 - 3) is divided by f(j)?
10
Suppose 5*u + y + 5 = 3*u, 2*u + 2*y = -8. Calculate the remainder when 49 is divided by (u/2)/((-2)/52).
10
Suppose 2*z - 12 = 18. Suppose t = -0*t + z. Let g = -4 + t. Calculate the remainder when g is divided by 4.
3
Let z = -28 + 39. Let a be (1/(-2))/((-6)/60). Suppose 0 = -a*r + 2*i + 36, 0*r + 5*r = i + 33. What is the remainder when z is divided by r?
5
What is the remainder when (-1590)/(-35) + 3*(-1)/7 is divided by 23?
22
Let f = 61 + -42. Calculate the remainder when 73 is divided by f.
16
Calculate the remainder when 50 is divided by 6/4*26/3.
11
Suppose -7*f + 301 = -0*f. What is the remainder when f is divided by 9?
7
Suppose -9 = -7*x + 4*x. Suppose x*t = -3*g + 54, 1 + 2 = -3*t. What is the remainder when 55 is divided by g?
17
Suppose -5*p + 4*l = -21 - 21, -2*l + 24 = 5*p. Suppose -2*b - 4*g = -26, 2*g + 6 = -4. Calculate the remainder when b is divided by p.
5
Suppose r + 4*l - 9 = 4, l = 4*r - 137. Suppose -64 = -6*d - 10. Calculate the remainder when r is divided by d.
6
Suppose -52 = -4*l - 4*g, -2*l + 4*g = 3*g - 26. Calculate the remainder when 63 is divided by l.
11
Let j = -133 + 209. Calculate the remainder when j is divided by 13.
11
Let m = -78 + 85. Suppose 0 = 5*v - 25, 2*v = 4*r + 3*v + 19. Let i(c) = -c**3 - 6*c**2 - 3*c + 2. What is the remainder when i(r) is divided by m?
6
Let s = -69 - -72. What is the remainder when 3 is divided by s?
0
Let t(q) = 0*q - 5 - q + 6. Calculate the remainder when 41 is divided by t(-10).
8
Let z be 2/(-8) - 74/(-8). Let i be 142/z - (-6)/27. Let d = i + -10. What is the remainder when d is divided by 4?
2
Let i = 37 - 24. Let b = 9 - 4. What is the remainder when i is divided by b?
3
Suppose 3*m - 200 = r, 47 = -5*m + 4*r + 371. What is the remainder when m is divided by 14?
12
Let g = 2 - 4. Let l(q) = 6*q. What is the remainder when g/11 + (-567)/(-33) is divided by l(1)?
5
What is the remainder when -13*11/((-33)/6) is divided by 8?
2
Let h be 34*(18/(-4) + 4). Let w = 29 + h. Calculate the remainder when 47 is divided by w.
11
Suppose 3*z - 27 = -l, 5*l - 20 = -z + 73. Let n = 28 - l. Suppose -4*q = 16, 3*s + 2*q - 49 = -0*q. Calculate the remainder when s is divided by n.
9
Calculate the remainder when (1 - (-1)/(-3))*102 is divided by 35.
33
Suppose 6*m - 189 = -3*m. Suppose 5*g - 155 = 40. What is the remainder when g is divided by m?
18
Suppose -4*b - 2*f = 17 - 67, -2*f + 38 = 3*b. Let x = 110 - 75. Calculate the remainder when x is divided by b.
11
Let w(l) = l**3 + 7*l**2 - 2*l - 5. Let j = -5 + 8. Let n be j/(2/4 + -1). What is the remainder when w(n) is divided by 15?
13
What is the remainder when 22 is divided by 1/((20/32)/5)?
6
Let o(k) = k - 2. Let x be o(4). Let t(p) = 8*p**2 + p + 1. What is the remainder when 1 - (x - 1*16) is divided by t(-1)?
7
Suppose 3*v = 23 + 10. Let i = -4 + 9. Suppose q - 3*q - 5*s = -55, 4*s = i*q - 88. Calculate the remainder when q is divided by v.
9
Suppose 2*p - 26 = 80. Calculate the remainder when p is divided by 5/(-3 + 4) - -9.
11
Suppose 16*u = 12*u + 60. What is the remainder when 58 is divided by u?
13
Let m = 41 - 12. What is the remainder when 56 is divided by m?
27
Let x be (4/4)/(1/2). Suppose 3*l - 3*s = -0*s + 57, x = s. Calculate the remainder when l is divided by 11.
10
Let y = 49 - 29. Calculate the remainder when 59 is divided by y.
19
Suppose 4*p - 10 = r, 3*p + 7 = -r + 18. Suppose 2*a = 3 + 1. Calculate the remainder when r is divided by a.
0
Let d = -10 + 20. Let g = 24 - d. Calculate the remainder when 54 is divided by g.
12
Let x = -177 - -190. Let q(b) = 75*b + 3. Let y be q(3). What is the remainder when y/9*3/2 is divided by x?
12
Suppose 5*q - 20 = -5. Suppose z - q*j = -4*z + 30, 2*z + j - 1 = 0. Suppose z*n - 3 = 0, -2*m + 25 = 4*n - n. What is the remainder when 20 is divided by m?
9
Let z be (-2)/(-3) - 5/3. Let l be z + (3*-11)/(-3). Suppose r - 2*r = -l. Calculate the remainder when 38 is divided by r.
8
Let o be -1 - (3 + -74 + 3). Suppose 73 + o = 4*l. What is the remainder when l is divided by 18?
17
Suppose -184 = 2*i - 6*i. Suppose -66 = -x - 4*x + 4*s, -5*x = s - i. Calculate the remainder when ((-12)/x)/(1/(-20)) is divided by 13.
11
Suppose 6*x = 3*x + 42. Calculate the remainder when 27 is divided by x.
13
Suppose y = 6*y. Let x = y + -1. Let s(m) = 25*m**2 - m - 1. Calculate the remainder when s(x) is divided by 9.
7
Suppose t - j = 19, -t + 2*j + 4 = -2*j. Suppose -2*v = v - t. Calculate the remainder when -1*2/((-2)/29) is divided by v.
5
Let b be 6/(-24) + 17/4. What is the remainder when 43 is divided by b/(-10) - (-77)/5?
13
Calculate the remainder when 76 is divided by (14 - -5) + 3/3.
16
Suppose 0 = -23*m + 22*m + 19. Calculate the remainder when m is divided by 11.
8
Suppose -2*i + k + 24 = 5*k, 36 = 3*i - 5*k. Calculate the remainder when 35 is divided by i.
11
What is the remainder when (-1 - -2)*-2 + 17 is divided by 3?
0
Suppose 21 = 3*h - 9. Calculate the remainder when 29 is divided by h.
9
Suppose -7 = -o - 3. Suppose 0 = n + o*n - 45. Calculate the remainder when (-708)/(-27) - (-4)/(-18) is divided by n.
8
Let w be (9 - 6)*(-1 - -2). Let d be ((-28)/6)/(3/(-9)). Suppose -w*p + 5*p = d. Calculate the remainder when p is divided by 3.
1
Calculate the remainder when 141/2*4/(1 - -1) is divided by 36.